. Let t(f) = 3*f + 2*f**2 + f**2 + 2*f**c - 4*f**2 + 2. Give t(-2).
0
Let j(v) = -3*v**3 - 7*v**2 - 5*v + 8. Let m(x) = 8*x**3 + 21*x**2 + 16*x - 23. Let h(o) = -11*j(o) - 4*m(o). Determine h(8).
-4
Let z(d) = 31 + 4*d - 16 - 5*d - 13. What is z(6)?
-4
Let r(g) = -g - 1 + 3 + 0*g. Let t be r(5). Let o(j) = -j**3 - 3*j**2 - 2*j - 4. What is o(t)?
2
Let k(r) = -5*r**2 + 6*r - 10. Let q(d) = -11*d**2 + 13*d - 21. Let w(u) = 13*k(u) - 6*q(u). Let o = 15 - 12. Calculate w(o).
5
Let g = -32 - -31. Let v(n) = -9*n**2 + 1. Give v(g).
-8
Let t(r) = r**3 + r + 2. Let m = 4 + -1. Let c(w) = m - 2 + w + 2. Let n be c(-3). Calculate t(n).
2
Suppose 9*j = 4*j + 50. Let g(h) = -2*h - 4 - 3 + j - h**3 + 3*h**2. Give g(2).
3
Let q be (-2 + (-2)/(-2))/(12/(-2)). Let r(c) be the third derivative of q*c**3 + 0*c - 1/24*c**4 + 0 + 3*c**2. What is r(2)?
-1
Suppose 4*d - 34 = d + 5*p, 2*p = d - 13. Let g(l) = l**3 - 2*l**2 - 4*l. Give g(d).
-3
Let g(h) = 5*h**3 + 2*h**2 + h - 3. Let c(y) = -6*y**3 - y**2 - y + 4. Let s(v) = -4*c(v) - 5*g(v). Suppose 7*a = 3*a - 24. Give s(a).
5
Let j(n) = n + 4. Suppose 0 = 34*o - 32*o + 16. Calculate j(o).
-4
Let q(r) = -4*r - 6. Let y(i) = -5*i - 7. Let w(o) = 4*q(o) - 3*y(o). Let a(l) = -3*l - 10. Let n(j) = 2*a(j) - 7*w(j). Calculate n(5).
6
Let u(j) = -j**2 - j - 6. Let i(l) = -2*l + 18. Let n be i(8). Suppose 2*t - 6 + n = -4*b, -t = -b - 2. What is u(b)?
-6
Suppose 4 = -2*g - 2*g. Let w(c) = -11*c**2 - 2*c - 1. Determine w(g).
-10
Suppose 0 = 2*y + 3*y + 30. Let b(a) be the third derivative of -1/60*a**5 - 1/4*a**4 - 7*a**2 + 1/2*a**3 + 0 + 0*a. Determine b(y).
3
Let w(c) be the first derivative of c**2/2 + c - 1. Let l(s) = -1. Let q(f) = -l(f) - w(f). Determine q(3).
-3
Suppose 0 = -5*j + 2*c + 24, -4*c - 18 = -2*j + c. Let w be j/(-6) - 28/21. Let i(g) = -4*g - 2. What is i(w)?
6
Let f = 9 + -3. Suppose i = f*i. Let d(w) = -2 + 13*w + 10*w - 24*w. Determine d(i).
-2
Suppose 0 = y - 4 + 1. Let n(u) = u**2 - 8*u + 6. Let w be n(8). Let v(x) = 1 - 2*x - w + y*x. What is v(0)?
-5
Let a(s) = 3*s**3 + 6*s**2 + 5*s. Let v(o) = 4*o**3 + 7*o**2 + 6*o + 1. Let x(y) = 3*a(y) - 2*v(y). Let j = -7 + 4. Let k = j - 0. Calculate x(k).
-2
Let z(r) = 0 - 4 - 2 - 2*r. Let m be z(-4). Let y(t) = 0*t + 0*t - 3 - t**m - 5*t. Give y(-4).
1
Let b(t) be the second derivative of -t**3/6 - 4*t**2 + 10*t + 1. What is b(-9)?
1
Let m(o) = o**3 + 6*o**2 + o + 8. Let z be m(-6). Suppose -q + 3 = -z*q. Let c(x) = -x + 1 + 2 - x**2 + 1. What is c(q)?
-2
Suppose 0 = -0*n + 4*n - 4. Let q(m) = -70*m**2 + 41*m**2 - 1 + 28*m**2 + 2*m. Give q(n).
0
Let n(q) = q**2 - 5*q. Suppose 0 = 2*m - 3*v - 9, 4*m - 3*v - 30 = -3. Let t = -10 - -21. Suppose -t - m = -5*p. Calculate n(p).
-4
Let s(j) = j**3 + 7*j**2 + j + 5. Suppose 3*c = -14 - 7. Give s(c).
-2
Let c(w) be the third derivative of -w**4/6 + 2*w**3/3 + 14*w**2. Determine c(4).
-12
Suppose 2*n - 5*a - 13 = 7, 3*a = -3*n + 9. Let r(z) = -z - 4. Determine r(n).
-9
Let j(d) = d**3 - d**2 - 2*d. Let r(n) = 2*n**2 - 3*n - 3. Let v be r(3). Suppose 5*o - 21 = -v. Give j(o).
12
Suppose 17 = 3*p + 4*a, p - 27 = 3*p - 5*a. Let b be (p/(-2))/(2/(-4)). Let z = b - 4. Let v(l) = -l**2 - 6*l - 4. Calculate v(z).
1
Let n(j) = 4*j**2 - 13*j - 15. Let h be ((-22)/3)/((-6)/(-9)). Let s(a) = 2*a**2 - 7*a - 8. Let i(o) = h*s(o) + 6*n(o). Determine i(2).
4
Suppose 0*z + z - 4 = 0. Let a = -10 - -13. Suppose a*o + 0*o + z*w = 0, 0 = 4*o - 5*w. Let b(k) = k**3 - k**2 + 1. Calculate b(o).
1
Let z(n) = -n**3 + 5*n**2 - 4*n + 3. Let j = 39 - 36. Calculate z(j).
9
Suppose -3*v + 2*c = -c - 6, 2*c - 14 = -v. Let l(t) = t - 3. What is l(v)?
3
Suppose 3*l + 5*y - 1 = -26, 3*l + 3*y = -15. Let u(t) = t**2 - t + 7. Give u(l).
7
Suppose 8*g - 14 = -6*g. Let a(q) = 7*q**2. Determine a(g).
7
Let x(w) be the second derivative of -w**4/12 + w**3/2 - 6*w. What is x(5)?
-10
Let y(z) = 7 + 2 + 2*z - 4 - 6 + z**3. Give y(2).
11
Let j(o) = 5*o**3 - 7*o**2 + o + 1. Suppose g - 13 = 5*h + 2*g, -3*h + 3*g = 15. Let l(b) = 6*b**3 - 8*b**2 + 2. Let w(k) = h*l(k) + 4*j(k). Give w(2).
6
Let a(r) = -3*r - 5. Suppose 0 = -0*z + z + 4. What is a(z)?
7
Let m = 6 - 2. Let x(c) = -c**3 + 3*c**2 + 4*c + 5. What is x(m)?
5
Let l(d) be the third derivative of d**4/24 - 7*d**3/6 - 28*d**2. What is l(6)?
-1
Let j(o) = 0 + 3 + 2 - o - 2. Give j(6).
-3
Let w(q) be the second derivative of -q**5/20 - 5*q**4/12 - 2*q**3/3 - 8*q. Calculate w(-4).
0
Suppose -4*a = q + 10, 1 = 2*q - a + 3. Let k(y) be the second derivative of 5*y**3/6 - y**2/2 + 3*y. What is k(q)?
-11
Let c(q) be the third derivative of -q**6/120 - q**5/15 + q**4/24 - q**3/6 + 9*q**2. What is c(-3)?
-13
Let b = -24 - -26. Let d(j) = -5 + 5 + j**b - j + 0 + 2. Calculate d(3).
8
Let p = 3 - 5. Let w = 3 + p. Let y = w + 0. Let n(t) = 2*t**2 + 2*t - 1. Determine n(y).
3
Let c(l) = -l**2 - l - 1. Let x(n) = n**3 - n**2 - 7*n - 1. Let i(w) = -6*c(w) + x(w). Let s(y) = -y + 1. Let f be s(6). Calculate i(f).
10
Let v be 6/8*(-1 - 3). Let w(x) be the first derivative of -x**3/3 - 5*x**2/2 - 3*x + 27. Give w(v).
3
Let o(w) = -2*w**2 - 11*w + 3. Let u(x) = -x**2 - 10*x + 3. Let k(v) = 2*o(v) - 3*u(v). Give k(8).
-3
Let x be 6/(-9) + 116/3. Suppose -2*v = -x + 14. Suppose 3*p + 3 = -v. Let j(t) = t**2 + 6*t + 7. Calculate j(p).
2
Let m(k) be the second derivative of k**4/12 - k**3/6 + k**2/2 - k. Let q(z) = -z + 6. Let p be q(6). Determine m(p).
1
Let b be (-16)/(-64) - (-3)/4. Let z(w) be the second derivative of w**6/60 - w**4/24 + w**2 - 2*w. Let a(p) be the first derivative of z(p). What is a(b)?
1
Let z be (4 + -10)/((-6)/8). Suppose -3*h = -5*h - z. Let b(x) = x + 8. Give b(h).
4
Let l(v) = 16*v**2 - v. Suppose 3 = -2*o - 3, o = -s - 4. Calculate l(s).
17
Let p(f) = -2*f**2 + 3*f**2 - f + 4 - 3*f. Calculate p(5).
9
Let h(g) = g**3 - 5*g**2 + 5*g - 4. Let c be (12/(-18))/((-4)/54). Let k be (-4)/(-18) - (-25)/c. Calculate h(k).
-7
Suppose 24*i - 26*i = 12. Let v(q) = q**2 + 6*q. Give v(i).
0
Let y(j) be the first derivative of j**2 + 8*j - 29. Determine y(-6).
-4
Let d(f) = -5 - f - 3*f + 5*f - 5. Let b be d(10). Let j(q) = -q**2 - q + 1. What is j(b)?
1
Let s(w) be the second derivative of w**3/6 - 3*w**2 - 4*w. Suppose b + b - 14 = 0. What is s(b)?
1
Let s be (26/8)/13 - 13/4. Let x(o) = 2*o**2 + 3*o - 4. Give x(s).
5
Let q(w) = 2*w**2 + 2*w + 2. Let n = 113 + -115. Give q(n).
6
Suppose 0 = k + 3*l + 5, k + 4*l = -0*k - 7. Let s(f) = -f**3 - f. Determine s(k).
-2
Suppose -2*i = -4*l - l + 4, 4*l + 4 = 4*i. Let d(h) = 5*h**3 + 2*h**3 + 2*h**2 + 4 - i - 2*h. Let v = 5 + -4. Give d(v).
8
Let r(x) = 3*x**2 + 9*x. Let z(l) = l**2 + l + 1. Let c(q) = r(q) - 4*z(q). Determine c(3).
2
Let o = -2 + 5. Suppose 0 = -5*u - 2*g + 8, -14 + 3 = -o*u + 5*g. Let m(v) = -72*v - 3 - 5*v**2 + v**2 + 2*v**2 + 76*v. Give m(u).
-3
Let n(t) = 3*t**2 - 8*t - 29. Let a(f) = -2*f**2 + 5*f + 20. Let j(w) = -7*a(w) - 5*n(w). Let z = 15 - 10. Give j(z).
5
Let v(h) = -2*h**2 + 13*h + 3. Suppose -3*r + 4*r + 3 = 0. Let k(m) = m**2 - 7*m - 2. Let o(a) = r*v(a) - 5*k(a). Suppose 0 = -w + 2 + 1. What is o(w)?
-2
Suppose 2*t - 4*t = -6. Let g = 7 - t. Let c(r) = r**2 - r - 5. Determine c(g).
7
Let b = 141 - 141. Let x(t) = 0*t**2 - 2*t**2 + t + 3*t**2 + 7. Give x(b).
7
Let z = 62 - 68. Let u(v) = v**3 + 6*v**2 - 2. Calculate u(z).
-2
Let t = 6 - 9. Let h = -5 - t. Let q(x) = -2*x + 37 - 37. What is q(h)?
4
Let i(q) = -1 - q - 4*q**2 + 0*q**2 - q**2. Determine i(-1).
-5
Let j = 1 + -4. Let z(d) = 3*d**3 - 7*d**2 + 5*d. Let i(v) = -v**3 + v**2 - v. Suppose 0 - 3 = 3*p. Let o(l) = p*z(l) - 4*i(l). Give o(j).
3
Let n be (-1)/(-4) - 3123/(-36). Let s(f) = -87 + n - f. Give s(-4).
4
Let g(i) = -3*i**3 - 7*i**2 + 3*i + 4. Suppose -4*c - 6 = r, 1 = 2*r - 3. Let l(n) = 13*n**3 + 29*n**2 - 12*n - 15. Let b(x) = c*l(x) - 9*g(x). Calculate b(-5).
9
Let v(s) = 2 - 2 + 3 + s + 2. Calculate v(-5).
0
Suppose 3*t + 2*i = 1, -2*t - 3*i = -0*t - 9. Let c(g) = -2*g**2 - 3*g + 4. Determine c(t).
-5
Let r(v) = -v**2. Suppose -3*y + 45 + 0 = 0. Let z = -12 + y. What is r(z)?
-9
Suppose -2 = 3*h - 5. Suppose 2*r - i = -h, 4*i + 3 = -r - 11. Let y(a) = 5*a - 2. Let j(s) = -2*s + 1. Let p(o) = 14*j(o) + 6*y(o). Determine p(r).
-2
Let v(t) = -3*t**2 + 5*t + 3. Let a(o)